- 34 - 14 = b. Calculate the remainder when p is divided by 7.
5
Let b = -29 - -105. What is the remainder when b is divided by 13?
11
Let b(d) = -9*d + 23*d - 3 + 2*d. What is the remainder when b(5) is divided by 20?
17
Calculate the remainder when (2 - 148)*(0/2 + -1) is divided by 49.
48
Let x be (3/(-4))/((-1)/(-16)). Calculate the remainder when 124/3 - (-4)/x is divided by 22.
19
Suppose z - 24 + 0 = 0. Let c = 14 + -1. Calculate the remainder when z is divided by c.
11
Suppose 0 = -3*y + 5*o + 312 - 56, -2*y + 3*o + 172 = 0. What is the remainder when y is divided by 31?
30
Let q(c) = -2*c - 7. Suppose -3*d = 2*n - 1, -d + 2*n + 0*n = 13. Let a be ((-5)/d)/((-3)/9). What is the remainder when 4 is divided by q(a)?
1
Suppose 0 = 2*a + 3*a, 5*d - 20 = 3*a. Suppose z - 12 = -3*z. Calculate the remainder when d is divided by z.
1
Suppose -3*y - 40 = -8*y. Let k = 1 + 7. Calculate the remainder when k is divided by (-11)/(-4) + 2/y.
2
Let g be (-2)/(-8) + 2189/44. Suppose 5*t = -f + 44, 5*f = 5*t - 0*f - g. What is the remainder when 14 is divided by t?
5
Let r be (8 + 1)*(-140)/(-15). Suppose -15 = -b + r. Suppose -36 = -a - 3*j, 0*a - 3*j = -2*a + b. What is the remainder when a is divided by 16?
13
Let b = -97 - -100. What is the remainder when 3 is divided by b?
0
Let l(k) = -k**3 + 7*k**2 - 5*k - 4. Let u be l(6). Suppose -14 = u*y - 36. Suppose z - y = 13. What is the remainder when z is divided by 9?
6
Calculate the remainder when 52 is divided by -3*16/12 + 15.
8
Let b be 57 - (4 + 0/(-1)). Let k be 3/6*(-1 + 5). Suppose 3*t - b = -2*c - 18, -2*c + k*t = -10. What is the remainder when 28 is divided by c?
8
Suppose -5*l - k + 3*k + 7 = 0, 5*k = -5*l + 35. Calculate the remainder when l is divided by (-1)/(-2) + 16/32.
0
Let x(p) be the first derivative of p**4/2 - 4*p**3/3 + 2. What is the remainder when x(3) is divided by (-3)/(-2)*80/12?
8
Suppose 4*d = 3*g - 194, -5*g - d - 3*d = -366. What is the remainder when g is divided by 19?
13
Let o be 3 + (-3 - 1) + 1. Suppose o = 2*g + g - 138. What is the remainder when g is divided by 12?
10
Suppose 4*o + 0*o + 4*u + 16 = 0, 0 = 4*o + 3*u + 18. Let f be 2/6 - 28/o. Suppose -1 = -f*k + 14. What is the remainder when 6 is divided by k?
0
Suppose 0 = p - 3*n - 14, 7 = 3*p + 3*n + 1. Suppose -v - 52 = -p*v. Calculate the remainder when 25 is divided by v.
12
Let u(z) = z + 11. Let v(k) = 2*k + 22. Let t(m) = -5*u(m) + 3*v(m). Calculate the remainder when (13 + 3)*(-1)/(-2) is divided by t(-8).
2
Suppose 5*s - 16 = c, -4 = -4*c + 4*s - 36. Let j = c - -67. Let o = 19 - -2. Calculate the remainder when j is divided by o.
19
Let x = 109 - 75. Suppose -2*y = -4*y + x. Calculate the remainder when y is divided by 5.
2
Let w(x) = x**3 - 5*x**2 + 2*x + 3. Calculate the remainder when w(6) is divided by 13.
12
Let c = -10 + 26. Calculate the remainder when 42 is divided by c.
10
Let w = 0 + 4. Let l = 9 + w. What is the remainder when 6*(26/6 - -2) is divided by l?
12
Let p = 8 + -3. Suppose p = -5*a + 30. What is the remainder when 10*(12/a - 2) is divided by 3?
1
Let p = 102 + -70. Let u be p*(0 + 1) + 1. Suppose 3 = 2*q - u. Calculate the remainder when 35 is divided by q.
17
Let y(n) = 18*n - 2. Let j be y(2). Let l = j - 15. What is the remainder when 36 is divided by l?
17
Suppose -8*n = -3*n - 5, g - 2*n - 28 = 0. Suppose -3*l - 2*l = -g. What is the remainder when 160/l + (-4)/6 is divided by 9?
8
Let x(k) = 2*k**2 + k. Let p be x(-3). Suppose 5*d = -p, 2*d + 72 = 5*i - 2*d. What is the remainder when 46 is divided by i?
10
Suppose 4*d = -5*a - 21 + 107, -a = -5*d - 23. Suppose -3*j + a = -0*j. Suppose 0*v = 2*v - j. What is the remainder when 9 is divided by v?
0
Let w(u) = u + 3. Let t(m) be the third derivative of -m**5/60 + 5*m**4/24 + m**2. Let i be t(5). What is the remainder when 8 is divided by w(i)?
2
Let m = -53 - -55. What is the remainder when 2 is divided by m?
0
Suppose -4*f - f = 0. Suppose f = 5*w - w - 88. What is the remainder when w is divided by 8?
6
Let q(o) = 1. Let l(s) = -s - 27. Let h(u) = -l(u) - 4*q(u). What is the remainder when h(0) is divided by 12?
11
Let a = -20 + 29. Let j(s) = s**3 - 10*s**2 + 9*s. Let m be j(a). Suppose m = -5*p + 73 + 142. What is the remainder when p is divided by 22?
21
Let d(y) = -y**3 - 24*y**2 - 5*y - 50. Calculate the remainder when d(-24) is divided by 24.
22
Suppose -2*c = 2*r - 0*c - 80, -5*r + c = -182. Calculate the remainder when r is divided by 10.
7
What is the remainder when (-2)/(-4) + 1456/32 is divided by 12?
10
Let o = -8 + 14. Let m = 96 + -81. Calculate the remainder when m is divided by o.
3
Suppose 3*b - 12 = -b. Suppose 63 = b*a - 5*p, -a + 0*a - 5*p + 1 = 0. Calculate the remainder when 62/(-6)*(10 - 13) is divided by a.
15
Let p(o) = -o**2 - 11*o + 12. Let v be p(-12). Suppose -t - n - 3 = v, -14 = 5*n + 6. What is the remainder when 32 is divided by 1 - t*(-13 - 3)?
15
Let r = -10 - -17. What is the remainder when 11 is divided by r?
4
Suppose -4 - 2 = -2*b. Suppose 0 = -4*y + n + 12, -2*y - 1 + 17 = -b*n. Calculate the remainder when y is divided by ((-36)/(-3))/3 - 2.
0
Suppose -j + 37 = 10. What is the remainder when 53 is divided by j?
26
Suppose 3*m - 89 - 31 = 0. What is the remainder when m is divided by 21?
19
Let f(y) be the first derivative of y**2/2 + 4*y + 2. Let a be f(-5). Calculate the remainder when 52 is divided by a/(-4) - 142/(-8).
16
Suppose 0 = -7*u + 3*u + 20. Suppose 2*r = u*r + 12. Let z = 13 - r. Calculate the remainder when 49 is divided by z.
15
Suppose -2*t + t + 14 = 0. Let x = -4 - -30. Calculate the remainder when x is divided by t.
12
Let g = 35 + -20. Let o(p) = 2*p**2 - 6*p + 8. Calculate the remainder when o(6) is divided by g.
14
Let d be (-65)/(-15) + (-6)/(-9). Suppose -d*r + 26 = -y - 1, r - y = 7. What is the remainder when 19 is divided by r?
4
Let z(r) = r**2 + 3*r + 3. Let b be z(-4). Suppose -44 = -3*k + b. Let a(f) = 2*f. What is the remainder when k is divided by a(3)?
5
Let o = 35 - 27. What is the remainder when 14 is divided by o?
6
Let u(q) = q. Let d(k) = -2*k. Let h(f) = 4*d(f) + 9*u(f). Calculate the remainder when 16 is divided by h(6).
4
Let i be ((-1)/(-3))/((-1)/3). Let g be i*(-3)/(3/(-62)). Let z = -34 - g. What is the remainder when z is divided by 10?
8
Let a = 17 + -8. What is the remainder when (1 + -3 + a)*2 is divided by 4?
2
Calculate the remainder when 54 is divided by (-1)/4 + (-702)/(-24).
25
Suppose 5*o + 5 = -5*z, 6*o - 3*o + 5*z = -13. What is the remainder when 30 is divided by o?
2
Suppose 5*b - 2*c - 45 = 20, 0 = 4*b - c - 49. Calculate the remainder when b is divided by 4.
3
Let b(y) = -19*y + 1. Let p be b(-5). Let q = -62 + p. Let n = -18 + 30. What is the remainder when q is divided by n?
10
Suppose 4*j + 4*x - 6 = j, -2*j - 4*x + 4 = 0. Suppose j*h - 2*n + 34 = 4*h, -4*n = 5*h - 81. What is the remainder when h is divided by 4?
1
Let w(m) = 42*m**3 + 2*m**2 - 2*m + 1. Let g be w(1). Suppose -4*x - 7 = -g. Suppose -5*o = -158 - 12. What is the remainder when o is divided by x?
7
Suppose -r = 4*a + 6, -5*r - 66 = -0*r + 2*a. What is the remainder when 10 is divided by (-52)/r + (-4)/(-14)?
2
Suppose -4*s + 109 - 9 = 0. What is the remainder when s is divided by 14?
11
Suppose 5*g - 10*g + 110 = -5*a, -2*g - 4*a + 38 = 0. Let o(p) = -20*p. Calculate the remainder when o(-3) is divided by g.
18
Suppose 0 = 3*j + 2*j - 230. Calculate the remainder when j is divided by (24/15)/((-2)/(-15)).
10
Let f = -117 - -202. Suppose -3*s - f = -8*s. Calculate the remainder when 66 is divided by s.
15
Let v(q) = 6*q - 81. What is the remainder when 25 is divided by v(15)?
7
Suppose -3*z - 5 = -389. Suppose -m = 3*m - z. Let c = -4 + m. Calculate the remainder when c is divided by 10.
8
Let n = 32 - 128. Calculate the remainder when n/(-20)*(-10)/(-3) is divided by 6.
4
Suppose -c - 18 = -2*c. Let u = -2 + c. Calculate the remainder when u is divided by 9.
7
Suppose 3*i - 81 = -0*i. Let d(y) = -7*y + 154. What is the remainder when i is divided by d(20)?
13
Let w = 2 - 2. Suppose w = 3*m - 25 - 38. Let b = 75 - 13. Calculate the remainder when b is divided by m.
20
Let c(f) = f**3 - 2*f**2 + f + 65. What is the remainder when c(0) is divided by 